m?
10
Let y be 126/15 + 2/(-5). Calculate the greatest common factor of y and 40.
8
Let v = 1 - -1. Let f(n) = n**3 - 3*n**2 + 3*n - 1. Let z be f(v). Let g be ((-9)/z)/((-2)/22). Calculate the highest common factor of g and 9.
9
Let u = 46 - 32. What is the highest common factor of u and 98?
14
Let b be (-1)/(-3)*-1*-3. Let m(x) = 6*x**2 + x. Let t be m(b). Let v = 180 + -124. Calculate the greatest common divisor of v and t.
7
Suppose -3*z + 2*z + 3*q = -25, 0 = q + 5. What is the greatest common factor of 230 and z?
10
Suppose -61*j - 10 = -62*j. Calculate the greatest common divisor of 120 and j.
10
Let k(w) = w**3 - 13*w**2 + 12*w + 16. Let c be k(12). Let b(r) = -r + 31. Let o be b(c). What is the greatest common divisor of 15 and o?
15
Let b = -100 - -145. Let s = -12 + b. What is the greatest common factor of s and 11?
11
Let b(j) = -j**3 - j**2 + 11*j + 8. Let t be b(-4). Calculate the highest common divisor of 36 and t.
12
Suppose -3*l + 176 = 56. Suppose 0 = 2*m - 5*m + 15. Calculate the greatest common factor of l and m.
5
Let z = 467 + -332. Calculate the highest common factor of z and 15.
15
Let p(t) = -t + 15. Let z be p(13). Suppose z*c + 0*c - 50 = 0. Calculate the greatest common divisor of c and 10.
5
Let i(r) = -r**2 + 8*r + 10. Let h be i(9). Suppose -3*a + 12 = -3*u, -2*a - 2*u = -3 - h. Calculate the greatest common divisor of a and 12.
3
Let j(g) = -2*g - 14. Let a be j(-10). Let o be 6/(-9) - (-76)/a. Calculate the greatest common factor of o and 96.
12
Let p be (-30)/(4 + 42/(-9)). What is the greatest common divisor of 18 and p?
9
Suppose -232 = -4*b - 80. Calculate the greatest common factor of 57 and b.
19
Suppose 3*s - 88 = -s. Suppose 2*u = -0*u + s. Suppose -3*a - u = -83. Calculate the highest common factor of 60 and a.
12
Suppose -3*b + 3*o = -8*b + 28, 4*o - 14 = -2*b. Calculate the greatest common divisor of b and 45.
5
Let j = -31 + 36. Let p be ((-20)/(-2))/((-6)/(-27)). Calculate the highest common divisor of p and j.
5
Let f = 0 + 0. Suppose -2*u + 30 = 3*p - f*u, -21 = -p + 3*u. Let l be 1 - (-97 + 4/2). What is the greatest common factor of l and p?
12
Let o(n) = 0*n + 5 - 8 + n. Let v be o(7). Calculate the highest common factor of 1 and v.
1
Let t(s) = -s + 3. Let y be t(4). Let z(o) = -17*o. Let f be z(y). Calculate the highest common factor of f and 34.
17
Suppose 15 = 5*z - 5*g, 0 = z + 2*g - 4*g - 3. Let h = -1 + 1. Suppose h = v - 0 - 3. What is the greatest common divisor of v and z?
3
Let y be ((-204)/(-15))/(2/5). Let p = 6 + y. Calculate the highest common divisor of 16 and p.
8
Suppose 3*i + 5*c = 448, i + 2*c = c + 146. Suppose -i = -4*k - 37. What is the greatest common divisor of k and 65?
13
Let f = -48 - -24. Let i be f/(-14) - 4/(-14). Let r be 81/15 + i/(-5). What is the highest common factor of r and 2?
1
Let t(n) = 2*n**2 + 2*n + 11. Let x be t(-7). Calculate the highest common factor of x and 5.
5
Let z = 25 - -191. Suppose -2*r - 3*y = z, 0 = -5*r - 4*y - 632 + 92. Let u = 28 - r. What is the greatest common factor of 17 and u?
17
Let i = -6 - -5. Let x be (-6)/(-6) - 26/i. What is the highest common divisor of x and 9?
9
Let u = 127 + -72. What is the greatest common divisor of u and 5?
5
Let u be (-60)/(-18) + (-4)/(-6). Suppose -2*p - 58 = -u*x, -2*x + 18 + 17 = -3*p. Suppose i - 64 = -12. Calculate the greatest common divisor of x and i.
13
Let r(k) = k**2 + 2. Let c be r(2). Let y be -3*4/c + 18. Suppose 4*j - 24 - 168 = 0. Calculate the greatest common divisor of y and j.
16
Let o(f) = -f**2 - 8*f + 8. Let m be o(-6). What is the greatest common divisor of m and 8?
4
Let y = 265 + -142. Suppose 5*j - 4*l - l - 565 = 0, j - 3*l - y = 0. Calculate the highest common divisor of 12 and j.
12
Let j be 1/((-1)/(-72))*10/15. What is the greatest common factor of j and 12?
12
Let y be 28 + (-1 + 5 - (1 + 1)). Calculate the greatest common divisor of 120 and y.
30
Suppose 4*u - 20 = -0. Calculate the highest common factor of u and 20.
5
Let i(m) = -m**2 - 19*m + 1. Let c be i(-9). What is the highest common divisor of 13 and c?
13
Let j = 5 + -2. Let q be j + 1*(142 + 1). Let n = q + -98. Calculate the greatest common factor of 12 and n.
12
Suppose -b + 26 = 17. Suppose 0 = 4*q + q - 30. Calculate the greatest common divisor of q and b.
3
Let k = 20 + -12. Let r be (-60)/(-16) + 2/k. Let a = 0 + 1. What is the greatest common factor of r and a?
1
Suppose -2*q - s + 6*s + 152 = 0, 2*q + s = 152. Suppose -4*d + 0*d - 5*f = -q, 20 = -5*f. Suppose 4*y + d = 5*y. What is the highest common factor of y and 24?
24
Let k = -61 + 124. What is the greatest common factor of 7 and k?
7
Let c be ((-41)/2)/(((-3)/30)/1). What is the highest common factor of 82 and c?
41
Suppose 97*n - 12 = 96*n. Let j be (-1 - 9/(-5))*15. What is the highest common divisor of j and n?
12
Let l = 2452 - 1462. Suppose 330 - l = -4*i. Calculate the highest common factor of i and 15.
15
Suppose 4*k + 2*u - 1 - 29 = 0, -3*u = -2*k - 5. Suppose 0 = -2*s + k*p + 6 + 62, -3*s + 136 = p. What is the greatest common divisor of 66 and s?
22
Suppose -6*q - 5 + 41 = 0. Calculate the highest common factor of 4 and q.
2
Suppose -2*n + 150 = -158. What is the greatest common factor of n and 11?
11
Let x(z) = z**3 + 7*z**2 - 31*z + 9. Let f be x(-10). What is the highest common factor of f and 57?
19
Let r(b) = -3*b - 12. Let i be r(-12). Calculate the highest common factor of i and 216.
24
Let b be (-2 + 2)*(-3 + 2). Suppose -1 = -4*n - 2*p + 5, b = 4*n + 5*p - 3. Calculate the highest common divisor of 1 and n.
1
Let j = 4 - 1. Let w(o) = o - 1. Let n be w(2). Let a be 3 + n + (7 - j). What is the greatest common factor of 1 and a?
1
Let a(u) = -2*u + 17. Let f be a(7). Calculate the highest common divisor of f and 15.
3
Let v be -1*(-3 + 5) - -72. Suppose -2*y - 2*y + 56 = 0. Calculate the greatest common divisor of y and v.
14
Let h be 4/6 - 34/(-3). Suppose 2*w + h = 3*w. Let n be ((1 - 4) + 9)/2. Calculate the highest common factor of n and w.
3
Let p(f) = -f. Let x be p(-5). What is the highest common factor of 2 and x?
1
Suppose -5*y = -0*y - 15. Let o = -4 + 9. Suppose 0 = o*q + y*t - 247, -3*q + 0*t + 148 = 2*t. What is the greatest common divisor of 10 and q?
10
Suppose -g + 606 = -348. Let p be (1/3)/((-6)/g). Let x = 207 + p. What is the highest common factor of x and 14?
14
Let u = 35 - 14. What is the highest common divisor of 189 and u?
21
Let t = -10 - -20. Calculate the greatest common factor of t and 5.
5
Let s be 24 - (-11)/(11/(-2)). Calculate the greatest common factor of 165 and s.
11
Suppose 0 = -4*g - 0*t - t + 603, g - 159 = -3*t. Calculate the highest common divisor of 60 and g.
30
Let y(w) = w + 4. Let p be y(-8). Let v = 6 + p. Calculate the greatest common divisor of v and 8.
2
Suppose 0*i + 18 = 3*i. Let s be 154/21 - 2/i. What is the highest common factor of s and 77?
7
Let l(f) = -3*f + 8. Let o be l(-9). Calculate the greatest common factor of 7 and o.
7
Suppose 3*s - 481 = -5*u, 2*s - 306 = u + 3*u. Let p = 344 - s. Calculate the highest common divisor of p and 17.
17
Let z = 9 + -6. Suppose z*g - 13 = -1. What is the highest common divisor of 12 and g?
4
Suppose -n = n - 28. Let v = n - 8. Suppose v = x - 9. Calculate the greatest common divisor of x and 15.
15
Suppose 0*v + 208 = 4*v. What is the highest common divisor of v and 13?
13
Suppose 0 = -m - 3*b + 5, 2*m = -0*b + 5*b + 65. Let p be 1/(-2 + (-33)/(-18)). Let f = 4 - p. What is the highest common factor of f and m?
10
Let u be (-10)/(-2)*252/30. Calculate the greatest common divisor of 6 and u.
6
Let u be ((-2)/(-4))/(2/16). Let z(k) = -35*k**3 + 2*k**2 + 2*k + 1. Let o be z(-1). Suppose -2*y - o = -5*y. Calculate the greatest common divisor of u and y.
4
Let j(i) = 15*i**2 + 4*i + 2. Let l be j(-2). What is the highest common divisor of l and 36?
18
Suppose 10*z = z + 1008. What is the highest common divisor of 14 and z?
14
Suppose 0 = m + 5*q - 50, -5*m + 4*q - q = -222. Let w be (2/6)/(1/21). Let j(z) = z - 2. Let t be j(w). Calculate the greatest common divisor of m and t.
5
Let n be (-3)/9 - 32/(-6). Let r = 53 + -13. What is the highest common divisor of r and n?
5
Let p be (26/(-6))/(5/(-30)). What is the highest common fac